nder when 312 is divided by v.
102
Suppose -157 = -4*s + 23. Calculate the remainder when 146 is divided by 819/s - (-4)/5.
13
Suppose -36*b + 997 = -83. Calculate the remainder when 62 is divided by b.
2
Suppose 10*p - 684 = -574. Suppose -733 = -5*b + 1782. Calculate the remainder when b is divided by p.
8
Suppose 6 = k - 7. Suppose 0 = u - k - 9. What is the remainder when u is divided by 9?
4
Let k = 1073 + -649. What is the remainder when k is divided by 226?
198
Let x(v) = 22*v + 13. Let t be x(5). Suppose -4*y + t = 4*s - 53, 0 = -5*s + 2*y + 255. Suppose -5*c - s = -379. What is the remainder when c is divided by 17?
15
Let r = -4064 - -4146. What is the remainder when 572 is divided by r?
80
Suppose -12*k = -43 - 137. Suppose -5*s = -5, 0 = -4*b + s - 0*s - 117. Let f = b + 55. Calculate the remainder when f is divided by k.
11
Suppose -3*g + 165 = -2*n - 68, -2*n = -4*g + 312. Calculate the remainder when g is divided by 21.
16
Suppose -12*n = -15*n. Let h be -1 + 0 + 3 + n. Suppose -4*o = -4*t - 64, -h*o + 52 = 3*t - t. What is the remainder when 41 is divided by o?
20
Suppose 5*j + 4 - 5 = n, -3*n = 2*j - 14. Suppose 0*t - 20 = -n*t. Suppose t*b - 27 = 188. What is the remainder when 171 is divided by b?
42
Suppose -2*u + 4*p + 58 = 0, 288 = 5*u + 2*p + 95. What is the remainder when 1257 is divided by u?
36
Calculate the remainder when (6 - (-32)/12)*3 is divided by (15/(-25))/((-1)/25)*1.
11
Let w = -9320 - -9515. Calculate the remainder when w is divided by 174.
21
Suppose 11*t = 2427 + 653. Suppose 235 = 4*w - 3*s, 0 = -3*w + 4*s - 109 + t. What is the remainder when w is divided by 28?
5
Let a be (-38)/19*(-59)/(-2). Let t = a - -175. Let x = t - 64. What is the remainder when x is divided by 19?
14
Let k(o) = -o**2 + 29*o + 209. Calculate the remainder when k(0) is divided by 198.
11
Let b = 831 + 1718. What is the remainder when b is divided by 44?
41
Let d = 12392 - 12339. Calculate the remainder when 1374 is divided by d.
49
Let y be (85 - (6 - 3))*(-2)/(-4). Suppose -33*d + y*d = 304. What is the remainder when d is divided by 10?
8
Suppose 2*n - 112 = 4*f, 4*f + 4*n + 3 = -109. Let m(b) = 20*b - 101 + 5*b + 0*b**2 + 73 + b + b**2. What is the remainder when 103 is divided by m(f)?
19
Let o = 1697 + -1654. What is the remainder when o is divided by 3?
1
Let c = -3613 + 3851. Calculate the remainder when c is divided by 25.
13
Suppose 5*p = 0, -4*h + 2246 = -3*p - 426. Let d be (-4)/(-22) + h/(-44). What is the remainder when 61 is divided by (19 - 6) + d/(-3)?
7
Suppose -y + 3565 = -2*z, -5*y - 5*z + 6964 = -10801. Calculate the remainder when y is divided by 4.
1
Suppose 46 = f + 157*q - 156*q, 2*f + q - 95 = 0. Calculate the remainder when 2150 is divided by f.
43
Let l = 24343 - 17577. Calculate the remainder when l is divided by 67.
66
Let x = -14 - -10. Let q(k) = -34*k - 2. Suppose 2*b + 5*a - 154 = -61, 4*b = 4*a + 116. What is the remainder when q(x) is divided by b?
32
Let l = 829 + -779. Suppose 0 = 4*y - l + 18. What is the remainder when 19 is divided by y?
3
Let f(r) be the second derivative of -27*r**3/2 - r. Calculate the remainder when f(-1) is divided by (63/(-14))/(12/(-112)).
39
Suppose 67 = a - 89. Suppose 0 = -0*v - 4*v + a. What is the remainder when v is divided by (-48)/15*5/(-2)?
7
Let s(f) = -12 - 10 + 2*f + 5*f + 5*f. What is the remainder when s(4) is divided by 13?
0
Suppose -55*p + 9*p = -2392. What is the remainder when 775 is divided by p?
47
Suppose -487 - 1553 = -17*f. Calculate the remainder when (f/(-70))/((-3)/112) is divided by 17.
13
Let r(v) be the second derivative of -v**4/12 + 11*v**3/3 - v**2/2 - 126*v. What is the remainder when r(14) is divided by 20?
11
What is the remainder when 253 is divided by (7 + 3 + -7 + 3)*20?
13
Let g be (703/(-74))/((-2)/(-12)). Calculate the remainder when (g + 2)*(3/5 + -1) is divided by 4.
2
Let p be 3/15 - 3729/(-55). Suppose -4*r + 128 = -p. What is the remainder when r is divided by 21?
7
Let m = -907 - -1371. Calculate the remainder when m is divided by 78.
74
Calculate the remainder when (-48)/32*(2/(-5) - 265266/135) is divided by 59.
57
Let h(k) = -177*k - 42. Let b be h(-10). Suppose -3*a = -73 + 13. Suppose 8*w = a*w - b. What is the remainder when w is divided by 29?
28
Suppose w = 2*o + 122, -12*o + 10*o - 242 = -2*w. What is the remainder when 339 is divided by w?
99
Suppose -14*m = -12*m - r - 7598, 4*r = 3*m - 11392. What is the remainder when m/88 + (-10)/55 is divided by 16?
11
Suppose z = 8 + 4. Suppose -59*g + 42*g - 61*g + 7254 = 0. What is the remainder when g is divided by z?
9
Suppose 2*o = 5*x - o - 217, -3*x + 4*o + 139 = 0. Suppose -6*w - x = -65. Calculate the remainder when (-99)/(-6) + 2/(-4) is divided by w.
0
Let g be (2 + (1 - 2))*(-27 - -27). Let w(v) = 5*v - 3. Let c be w(5). Suppose -j = -g*j - c. Calculate the remainder when 43 is divided by j.
21
Let z(o) = 2*o + 11. Let m(x) = x**2 - 12*x - 47. Let w be m(15). Let i be (-20 - -24) + w/(-1). What is the remainder when 42 is divided by z(i)?
19
Suppose -16*x - t + 1075 = -13*x, -4*t = -5*x + 1820. What is the remainder when x is divided by 113?
21
Suppose -3*f = -2*q + 2693, -7 = -2*f - 9. Calculate the remainder when q is divided by 72.
49
What is the remainder when -2 + (-166332)/(-27) - 24/54 is divided by 55?
53
Let f be -2*2/((-6)/33). Let j be (-11)/f + (-70)/(-4). Let d = 38 - j. Calculate the remainder when d is divided by 6.
3
Suppose -166 = -10*i + 4*a, 15*a = -i + 13*a + 19. Suppose -181 = -3*z + 3*p + 56, 4*z = -5*p + 343. Calculate the remainder when z is divided by i.
14
Let f = 3 - -20. Let x = -319 - -24. Let g = -253 - x. What is the remainder when g is divided by f?
19
Suppose 61*j - 29*j = -45*j + 363132. What is the remainder when j is divided by 7?
5
Suppose 3*r + 3*d = 3919 - 1183, -2*d = -r + 915. What is the remainder when r is divided by 153?
148
Let y(d) = -12*d**2 + d**3 + 3*d**2 - 3 + 7*d**2 + 3*d. Let u be y(2). Suppose -u*z = j + j - 220, -j = -5. What is the remainder when z is divided by 25?
20
Suppose 289*h + 2448 = 306*h. Calculate the remainder when h is divided by 110.
34
Let y = 154 + -59. Suppose 3*v - 4*k - y = -6*k, 0 = -3*v + 2*k + 79. Suppose -d + 48 = -37. What is the remainder when d is divided by v?
27
Let z(j) = -j**2 + 2*j + 15. Let s be z(9). Let g = 59 + s. Calculate the remainder when (1812/(-6))/(2*-1) is divided by g.
8
Suppose -251 + 226 = -5*x. Suppose -709 = -x*n - 9. Calculate the remainder when n is divided by 24.
20
Let g(y) = -35*y + 9. Suppose -44*k + 312 = -1800. What is the remainder when g(-12) is divided by k?
45
What is the remainder when 907 is divided by (5 - 696/56 - -6)*-49?
67
Let q be (9/6)/(21/3752). What is the remainder when (-1)/3 - 0 - q/(-3) is divided by 7?
5
Suppose -7*z = -0*z - 14. Suppose o + 0*o = -5*f + 8, o = -z. Suppose -f*h + 226 = -0*h. Calculate the remainder when h is divided by 29.
26
Suppose 19*x - 3*x = 336. Calculate the remainder when (2/4)/(x/5922) is divided by 37.
30
Let x be 15/18*-166*(-33)/11. Let a = x - 285. Suppose 4*f - a = -f. Calculate the remainder when 49 is divided by f.
23
Let p(h) = 13*h**3 + h**2 + 3*h - 2. Let z be p(2). Calculate the remainder when 48 is divided by 244/18 - z/(-252).
6
Let f(g) = g**2 + 2*g - 2. Let w be f(-5). Suppose 0 = -w*t - t + 224. Calculate the remainder when 44 is divided by t.
12
Suppose -2*q + 15 = -5*d, 0 = -5*q - 4*d + 21. Suppose -188 = q*p - 9*p. What is the remainder when p is divided by 9?
2
Let t(u) = u**3 - 47*u**2 + 317*u - 36. Suppose -3*k - 18 = -m - 88, -3*k - 3*m = -54. What is the remainder when k is divided by t(8)?
2
Let q = 1710 + -1482. Calculate the remainder when q is divided by 58.
54
Let q = -323 - -328. Suppose 510 + 380 = q*m. What is the remainder when m is divided by 45?
43
Let m(y) = -y**3 - y**2 + 26. Let b = -115 + 28. Let d = b + 136. What is the remainder when d is divided by m(0)?
23
Suppose -c + 35 = -5*n - 67, c + 3*n - 70 = 0. What is the remainder when c is divided by -9 - 9/(63/(-182))?
14
Suppose -11*q = -15*q + 472. Let t = -74 + q. Let u = 3 + t. Calculate the remainder when 93 is divided by u.
46
Let d = 44 + -47. Let j be (232/(-40) + 4)*20/d. Suppose 27 = 13*l - j. Calculate